
Calculate the highest common divisor of 9468 and 173697561.
2367
What is the greatest common divisor of 281728 and 88800?
32
What is the greatest common divisor of 32 and 112429168?
16
Calculate the greatest common divisor of 9325280 and 576.
32
Calculate the greatest common factor of 11760635 and 4210.
2105
Calculate the greatest common factor of 12964 and 15921644.
1852
Calculate the highest common factor of 5705754 and 54.
6
What is the highest common factor of 1939 and 694407?
7
Calculate the greatest common divisor of 2592 and 12553632.
288
Calculate the highest common divisor of 192602 and 2709147.
1817
What is the highest common divisor of 22 and 28090238?
22
Calculate the greatest common divisor of 103 and 62283482.
103
What is the greatest common divisor of 1565 and 2097726?
313
What is the highest common factor of 4680 and 351634140?
2340
Calculate the highest common divisor of 97162 and 259.
37
Calculate the highest common divisor of 388587976 and 3472.
1736
Calculate the highest common factor of 6267350 and 75.
25
Calculate the highest common factor of 275 and 284350.
275
What is the highest common factor of 112 and 13352024?
56
What is the highest common factor of 366 and 22681569?
183
Calculate the highest common factor of 424152 and 568116.
1548
Calculate the highest common factor of 1131 and 162419894.
377
Calculate the highest common divisor of 127320522 and 3339.
1113
Calculate the highest common factor of 12625 and 27477050.
2525
What is the highest common divisor of 4140 and 469548?
36
What is the highest common factor of 298302 and 6806?
166
What is the greatest common factor of 64638 and 20185767?
1701
What is the greatest common divisor of 36 and 35153658?
18
What is the highest common factor of 121149 and 6280518?
1923
What is the greatest common factor of 10465 and 11?
1
Calculate the highest common factor of 70000 and 4676.
28
Calculate the highest common factor of 21 and 294825615.
21
Calculate the highest common divisor of 4818 and 85506360.
438
Calculate the greatest common factor of 4408094250 and 1450.
1450
Calculate the greatest common divisor of 414187 and 47561.
239
Calculate the greatest common divisor of 2442 and 77297.
11
Calculate the highest common divisor of 25989 and 587412041.
8663
What is the greatest common divisor of 7432 and 334090?
2
What is the greatest common factor of 169 and 70824520?
169
Calculate the highest common factor of 201984 and 552192.
768
Calculate the greatest common factor of 91211877 and 18.
9
Calculate the greatest common factor of 3612125 and 2840.
355
What is the greatest common divisor of 697616 and 60888?
472
What is the greatest common factor of 311970 and 246?
6
Calculate the greatest common factor of 55809 and 72.
9
Calculate the highest common factor of 1152076129 and 1181.
1181
What is the greatest common factor of 587377100 and 400?
100
What is the highest common divisor of 225890 and 125440?
490
What is the greatest common divisor of 2275 and 32986226?
91
Calculate the highest common divisor of 333611876 and 26.
26
Calculate the greatest common factor of 2074419 and 415.
83
What is the highest common factor of 15640 and 25553?
23
What is the highest common divisor of 173704 and 4352?
8
Calculate the greatest common factor of 24359057 and 262.
131
Calculate the highest common factor of 182783 and 517.
47
What is the highest common divisor of 856134270 and 180?
90
What is the greatest common factor of 19200 and 235776?
768
Calculate the greatest common divisor of 46225533 and 102.
51
Calculate the greatest common factor of 130 and 1920958.
26
Calculate the highest common divisor of 26216210 and 20.
10
Calculate the highest common factor of 16383 and 78365985.
381
What is the greatest common factor of 35455604 and 5012?
716
Calculate the highest common factor of 2121 and 454713.
21
What is the highest common factor of 2109 and 236319?
111
Calculate the greatest common divisor of 205655295 and 585.
15
What is the highest common divisor of 44277 and 9?
3
Calculate the greatest common factor of 20500376 and 1352.
1352
Calculate the greatest common factor of 234495 and 70605.
135
Calculate the greatest common divisor of 818525859 and 94451.
13493
What is the highest common factor of 5764750 and 16750?
250
Calculate the highest common factor of 342594 and 3024.
126
What is the greatest common factor of 7977042 and 82?
82
Calculate the highest common divisor of 286124498 and 2.
2
What is the greatest common divisor of 2522391 and 6606?
1101
Calculate the greatest common factor of 252739440 and 7920.
720
What is the greatest common factor of 1362372 and 2244?
132
Calculate the highest common factor of 12073484 and 4716.
524
Calculate the highest common factor of 12784 and 28425600.
752
What is the highest common divisor of 12689496 and 2160?
72
What is the highest common factor of 47843156 and 1363?
29
What is the highest common factor of 306815 and 655?
5
Calculate the greatest common factor of 48279 and 7671279.
2541
What is the greatest common divisor of 1436 and 3852429?
359
Calculate the greatest common divisor of 64 and 3133408.
32
What is the greatest common divisor of 39788495 and 5?
5
What is the highest common factor of 13292 and 1663?
1
What is the greatest common factor of 12 and 58807516?
4
What is the highest common factor of 1629622126 and 5401?
5401
What is the greatest common factor of 950 and 37307925?
475
Calculate the greatest common divisor of 3105 and 84189591.
621
What is the greatest common divisor of 413440 and 16867060?
6460
What is the highest common factor of 2766 and 13630387?
461
What is the highest common divisor of 62170 and 5780?
10
Calculate the greatest common factor of 5040269 and 5668.
1417
Calculate the greatest common divisor of 27 and 306442.
1
What is the greatest common factor of 6760 and 126711?
13
What is the highest common factor of 3318 and 11613?
1659
What is the highest common factor of 2519612 and 144?
4
Calculate the greatest common divisor of 11031 and 2288336826.
11031
Calculate the greatest common divisor of 4158 and 3112074.
378
Calculate the highest common divisor of 41300 and 170290225.
10325
What is the highest common factor of 854202310 and 430?
430
What is the highest common factor of 10354 and 2667178?
62
What is the greatest common factor of 882218640 and 13680?
4560
Calculate the greatest common factor of 69298490 and 10.
10
Calculate the highest common divisor of 117 and 21734895.
39
What is the highest common divisor of 183 and 491374215?
183
What is the highest common divisor of 4867 and 13248602?
157
Calculate the greatest common factor of 216870 and 15448373.
7229
Calculate the highest common divisor of 1012 and 56286428.
1012
Calculate the highest common divisor of 8207436 and 372.
372
What is the highest common divisor of 9 and 61439445?
9
Calculate the highest common factor of 47513155 and 15940.
3985
Calculate the greatest common divisor of 39 and 59754383.
13
What is the greatest common factor of 399 and 35087927?
133
What is the highest common divisor of 1077350 and 986?
58
What is the highest common factor of 14527630 and 650?
130
What is the greatest common divisor of 4116 and 39172462?
98
What is the greatest common divisor of 2983962 and 6330?
1266
Calculate the greatest common factor of 1317135 and 120.
15
Calculate the highest common factor of 4914 and 542117394.
4914
Calculate the highest common factor of 104936 and 884.
52
What is the greatest common factor of 1775215 and 520?
65
Calculate the highest common divisor of 2740647 and 1.
1
Calculate the highest common divisor of 167933 and 20191.
61
What is the greatest common factor of 421 and 8623764?
421
Calculate the highest common divisor of 1519880 and 80.
40
What is the greatest common divisor of 213125 and 369303?
341
What is the highest common factor of 43380 and 234520?
20
Calculate the highest common divisor of 2319074 and 16826.
94
What is the highest common divisor of 1635158400 and 120?
120
Calculate the greatest common factor of 19533 and 239292.
51
Calculate the greatest common divisor of 180 and 38588860.
20
Calculate the highest common factor of 23778 and 70808242.
2642
Calculate the highest common factor of 5256765 and 92805.
3